-3*t - l. Calculate the greatest common factor of t and 154.
14
Suppose 3*f + 4*v = 344, f + 2*v = -3*v + 111. Let c = f - 98. What is the greatest common factor of 225 and c?
9
Suppose -o - 327 = -4*j - 4*o, -5*j + 409 = 4*o. Suppose -13*q + 2934 - 1023 = 0. Suppose 357 = 28*z - q. Calculate the highest common divisor of z and j.
9
Suppose 2697 = -24*f - 1215. Let l = -3 - f. What is the highest common divisor of l and 96?
32
Let b be (-1)/(3/(-303)) - -2. Let i(h) = -5*h - 52. Let m be i(-11). Suppose -10 + b = m*s. What is the highest common divisor of s and 93?
31
Suppose 0*j - 3*j + 4*p + 204 = 0, 3*j - 222 = 7*p. Let c = 65 + -29. Calculate the greatest common factor of j and c.
12
Suppose -5*l + 12 = -2*m + m, -2*l = 2*m - 12. Suppose m*v = 4*v - 52. What is the greatest common divisor of v and 130?
26
Suppose 920*m = 915*m + 38440. What is the greatest common divisor of 24 and m?
8
Let m(g) = -2*g**2 - 146*g - 2139. Let s be m(-49). What is the greatest common factor of s and 7739?
71
Suppose -194 = -4*y - 4*s + 630, 2*y - 5*s - 454 = 0. What is the greatest common divisor of 24 and y?
4
Let d = 936 + -559. Suppose -331 - d = -4*t. Suppose -t = -w - 4*l + 151, 2*l + 1276 = 4*w. Calculate the highest common divisor of w and 32.
32
Suppose -857 = -102*z + 32191. What is the highest common divisor of 204 and z?
12
Let t be 3 + (332/4 - 8). Suppose -4*h = 2*j - t, -7*h + 5*j = -6*h - 25. Calculate the greatest common factor of h and 20.
20
Suppose 3*u + 6 = -5*z + 35, -2*u + 5*z = 14. Suppose -38 = -u*g + 298. Suppose 0*h + g = 2*h. What is the greatest common divisor of h and 8?
8
Let b(g) = -4*g**3 + 111*g**2 + 39*g - 162. Let f be b(25). Calculate the highest common factor of 8 and f.
8
Suppose 5*y = -18 + 28. Suppose y*s - 3*o + 29 = 0, -8 = -s - 4*o - 39. Let b = s - -36. What is the highest common factor of 51 and b?
17
Suppose -61*s - 27710 = -71*s. Suppose 2120 = -7*c + s. Calculate the highest common factor of 558 and c.
93
Suppose 334939 = 59*w - 11981. What is the highest common divisor of 32 and w?
8
Suppose a - 11 = z + 3*a, 4*z - 4 = 4*a. Let t be 3/(27/(-111))*z. Suppose -k + 5 = l - 0*k, 0 = -5*l - k + t. What is the highest common divisor of 8 and l?
8
Let w(l) = -l**3 - 23*l**2 - 93*l + 364. Let p be w(-22). What is the greatest common factor of 428 and p?
214
Suppose 4*a = 2*l - 1270, -41 + 47 = 3*a. Calculate the highest common factor of 1136 and l.
71
Suppose 2*c + 27*c - 27540 = -c. Calculate the highest common divisor of 204 and c.
102
Let y = -17 + 18. Let x be ((74/(-3))/(-2))/(y/(-3)). Let o = 67 + x. What is the greatest common factor of 30 and o?
30
Suppose -5*y + 495 - 295 = 0. What is the greatest common divisor of 2440 and y?
40
Let t(l) = l**3 + 6*l**2 + 3*l + 4. Let o be t(-5). Let v = 644 - 694. Let k = -15 - v. What is the highest common divisor of o and k?
7
Let a = -5565 + 5603. Calculate the highest common divisor of 1805 and a.
19
Let c(m) = -1069*m + 4286. Let i be c(4). Calculate the highest common divisor of 368 and i.
2
Let d be 6/(-39) - (-357)/39. Suppose u - 2 = -5*q + d, -5 = -5*u. Suppose -6*s + 72 = -q*s. Calculate the greatest common factor of 9 and s.
9
Suppose v = 43*v - 1848. Calculate the greatest common factor of 6886 and v.
22
Let h be 1*((-5)/(-10) - (-98)/4). Let a(g) = 14*g**2 + 2 - 296*g**3 - 6 + 19*g + 297*g**3. Let j be a(-11). What is the greatest common divisor of h and j?
25
Let x = 16510 - 16393. Let n(w) = w**3 + 7*w**2. Let q be n(-6). What is the highest common divisor of x and q?
9
Let v = 540 - 640. Let p = 109 + v. What is the highest common factor of 45 and p?
9
Suppose 236*z = 240*z - 4600. Let x = z - 674. What is the greatest common divisor of x and 14?
14
Let b = -1848 + 4833. What is the highest common divisor of b and 15?
15
Let g = 170 - 2. Suppose 6*u - u = -3*i + 61, 5*i + 15 = 0. Suppose -u - 10 = -w. What is the greatest common factor of w and g?
24
Let w be 1*8432/102 + (-20)/(-6) + -2. What is the highest common factor of 10878 and w?
42
Suppose -114*s = -117*s + 4*t + 2286, 0 = -5*s - 5*t + 3810. Suppose i = -10*i + 66. Calculate the highest common divisor of i and s.
6
Let z = 9 + 28. Let w be 4*5*61/5. Let l = w - 59. Calculate the highest common divisor of z and l.
37
Let u be 0 - (3 + (0/(-4) - 3)). Suppose u = -9*f + 3*f + 12. What is the highest common divisor of 46 and f?
2
Suppose 34*u - 36*u = -804. Let r = -135 + 202. Calculate the highest common divisor of u and r.
67
Let i(q) = q**2 + 7*q - 32. Let y be (-1)/(-4*5/(-200)). Let w be i(y). Let s be -21 + 20 - (13 + 1)*w. What is the highest common divisor of s and 216?
27
Let l be (-10 - -15) + 44 - 11. Let q be 3/6*-2 - 2. Let o be (11 - -1)/(q/(-76)). What is the highest common divisor of o and l?
38
Let g = -16982 - -17016. Calculate the greatest common factor of g and 2686.
34
Let j(c) = c**2 + 2*c + 4. Let a be j(-6). Let p be 606/(-2121) + (-200)/(-14). What is the greatest common divisor of a and p?
14
Let x(r) = r**3 + 4*r**2 - 9*r - 12. Let k be x(-6). Let i = k - -42. Let p be (2/(-12) - (-86)/i) + -4. What is the greatest common factor of p and 18?
3
Let d(h) = h**2 - 16*h + 78. Let m be d(13). Let f = 3 + -5. Let o be ((-105)/6 + f)*-8. What is the greatest common factor of m and o?
39
Let q = 6841 + -6811. What is the greatest common factor of 7170 and q?
30
Suppose 0 = -5*g + 3*k + 640, 0*g + 4*k = -4*g + 512. Suppose -3*q - 64 = -7*d + 6*d, -g = -2*d - 3*q. Calculate the highest common factor of 56 and d.
8
Let h be 26/(-286)*-1857 + (-2)/(-11). What is the greatest common divisor of h and 949?
13
Suppose 0 = 7*f + 259620 - 260390. Calculate the highest common factor of f and 4510.
110
Suppose 0*b = 4*v - 5*b - 7, 0 = b - 1. Let c be (-6 - -14)/(v/9). Calculate the greatest common factor of 168 and c.
24
Let o(f) = -372*f - 1796. Let r be o(-5). What is the greatest common divisor of r and 204?
4
Let w = 4147 + -2851. What is the greatest common factor of w and 24?
24
Let p = 12028 + -11902. What is the greatest common divisor of p and 1122?
6
Let z be 21*4 - (1 - 1). Suppose -531*m + 481 = -21821. What is the highest common divisor of z and m?
42
Suppose -56*x - 600 = -68*x. Calculate the greatest common factor of x and 1130.
10
Let u(w) = 12*w**2 - 197*w - 303. Let j be u(18). What is the greatest common divisor of 57 and j?
3
Let c = 12 - 26. Suppose -v - 9 + 34 = -3*y, -y + 36 = 2*v. Let o = v + c. What is the greatest common factor of o and 10?
5
Let v = 186 - 61. Suppose -3*m - 3*k = -2529, 0 = 4*m - 122*k + 121*k - 3372. Let c = m + -818. Calculate the highest common divisor of c and v.
25
Let u = 9136 + -8896. Calculate the greatest common divisor of u and 1180.
20
Let o(r) = -r**2 - 124*r - 3351. Let n be o(-81). Calculate the greatest common factor of n and 108.
12
Suppose -3*f - f + 48 = 0. Let h = 3507 + -3477. Calculate the greatest common factor of h and f.
6
Let s = -5226 + 5354. What is the greatest common factor of s and 144?
16
Let z be (0 - 238/21)*(-105)/10. What is the highest common factor of 49 and z?
7
Suppose -37*g + 390 = -36*g. What is the greatest common divisor of g and 120?
30
Let d(i) = 751*i - 7478. Let q be d(10). What is the greatest common divisor of 1156 and q?
4
Suppose -3*p + 2967 = 3*b, -16*p = 11*b - 9*b - 15726. What is the highest common factor of 4 and p?
2
Let g(m) = -m**2 + 19*m + 2. Let v = 56 - 37. Let k be g(v). Suppose 5 = -4*d + 3*h, 3 - k = -5*d + 2*h. Calculate the highest common factor of 7 and d.
1
Suppose 0 = -15*j + 13*j + 6. Suppose 406 = 2*t + 5*t. Suppose -3*q - j*n + t = -5, -5*n = -5*q + 115. Calculate the greatest common factor of q and 66.
22
Let y be ((-2)/(-13))/(19/247). Let j be 492/30 - y/5. What is the greatest common factor of j and 40?
8
Let n be (-32)/12*(-75)/(-8)*-2. Let c be n/8 - 1/4. Suppose -c*d = d - 805. What is the highest common factor of 46 and d?
23
Suppose -2238*h - 12672 = -2414*h. Suppose 0 = n - 19 - 107. Calculate the highest common divisor of h and n.
18
Let g(j) = 35*j**2 + 6*j - 7. Let h be g(7). Suppose -77*i + 2346 = 1268. What is the highest common divisor of h and i?
14
Suppose 27 = 4*f + 3*l, -5*l - 2 = -3*f - 18. Let d = -1 + f. Suppose -4*v + 5*x = -125, -3*x - 1 = d. Calculate